{"id":383,"date":"2023-03-30T18:14:50","date_gmt":"2023-03-30T16:14:50","guid":{"rendered":"https:\/\/vosbellesceremonies.be\/?page_id=383"},"modified":"2023-04-25T11:22:54","modified_gmt":"2023-04-25T09:22:54","slug":"conditions-generales-de-vente","status":"publish","type":"page","link":"https:\/\/vosbellesceremonies.be\/index.php\/conditions-generales-de-vente\/","title":{"rendered":"Conditions g\u00e9n\u00e9rales de vente"},"content":{"rendered":"\t\t<div data-elementor-type=\"wp-page\" data-elementor-id=\"383\" class=\"elementor elementor-383\">\n\t\t\t\t\t\t<div class=\"elementor-inner\">\n\t\t\t\t<div class=\"elementor-section-wrap\">\n\t\t\t\t\t\t\t\t\t<section class=\"elementor-section elementor-top-section elementor-element elementor-element-4ec6a06 elementor-section-boxed elementor-section-height-default elementor-section-height-default\" data-id=\"4ec6a06\" data-element_type=\"section\">\n\t\t\t\t\t\t<div class=\"elementor-container elementor-column-gap-default\">\n\t\t\t\t\t\t\t<div class=\"elementor-row\">\n\t\t\t\t\t<div class=\"elementor-column elementor-col-100 elementor-top-column elementor-element elementor-element-13488f1\" data-id=\"13488f1\" data-element_type=\"column\">\n\t\t\t<div class=\"elementor-column-wrap elementor-element-populated\">\n\t\t\t\t\t\t\t<div class=\"elementor-widget-wrap\">\n\t\t\t\t\t\t<div class=\"elementor-element elementor-element-9a12672 elementor-widget elementor-widget-text-editor\" data-id=\"9a12672\" data-element_type=\"widget\" data-widget_type=\"text-editor.default\">\n\t\t\t\t<div class=\"elementor-widget-container\">\n\t\t\t\t\t\t\t\t<div class=\"elementor-text-editor elementor-clearfix\">\n\t\t\t\t\t\t\t\t\t<\/div>\n\t\t\t\t\t\t<\/div>\n\t\t\t\t<\/div>\n\t\t\t\t\t\t<\/div>\n\t\t\t\t\t<\/div>\n\t\t<\/div>\n\t\t\t\t\t\t\t\t<\/div>\n\t\t\t\t\t<\/div>\n\t\t<\/section>\n\t\t\t\t<section class=\"elementor-section elementor-top-section elementor-element elementor-element-da3f409 elementor-section-boxed elementor-section-height-default elementor-section-height-default\" data-id=\"da3f409\" data-element_type=\"section\">\n\t\t\t\t\t\t<div class=\"elementor-container elementor-column-gap-default\">\n\t\t\t\t\t\t\t<div class=\"elementor-row\">\n\t\t\t\t\t<div class=\"elementor-column elementor-col-100 elementor-top-column elementor-element elementor-element-536d605\" data-id=\"536d605\" data-element_type=\"column\">\n\t\t\t<div class=\"elementor-column-wrap elementor-element-populated\">\n\t\t\t\t\t\t\t<div class=\"elementor-widget-wrap\">\n\t\t\t\t\t\t<div class=\"elementor-element elementor-element-da8fbf0 elementor-widget elementor-widget-image\" data-id=\"da8fbf0\" data-element_type=\"widget\" data-widget_type=\"image.default\">\n\t\t\t\t<div class=\"elementor-widget-container\">\n\t\t\t\t\t\t\t\t<div class=\"elementor-image\">\n\t\t\t\t\t\t\t\t\t\t\t\t<img decoding=\"async\" width=\"724\" height=\"1024\" src=\"https:\/\/vosbellesceremonies.be\/wp-content\/uploads\/2023\/04\/CGV-Aurianne-Degrave-01-724x1024.jpg\" class=\"attachment-large size-large wp-image-394\" alt=\"Conditions g\u00e9n\u00e9rales de vente\" loading=\"lazy\" srcset=\"https:\/\/vosbellesceremonies.be\/wp-content\/uploads\/2023\/04\/CGV-Aurianne-Degrave-01-724x1024.jpg 724w, https:\/\/vosbellesceremonies.be\/wp-content\/uploads\/2023\/04\/CGV-Aurianne-Degrave-01-212x300.jpg 212w, https:\/\/vosbellesceremonies.be\/wp-content\/uploads\/2023\/04\/CGV-Aurianne-Degrave-01-768x1086.jpg 768w, https:\/\/vosbellesceremonies.be\/wp-content\/uploads\/2023\/04\/CGV-Aurianne-Degrave-01-1086x1536.jpg 1086w, https:\/\/vosbellesceremonies.be\/wp-content\/uploads\/2023\/04\/CGV-Aurianne-Degrave-01-1140x1612.jpg 1140w, https:\/\/vosbellesceremonies.be\/wp-content\/uploads\/2023\/04\/CGV-Aurianne-Degrave-01.jpg 1241w\" sizes=\"(max-width: 724px) 100vw, 724px\" \/>\t\t\t\t\t\t\t\t\t\t\t\t\t\t<\/div>\n\t\t\t\t\t\t<\/div>\n\t\t\t\t<\/div>\n\t\t\t\t\t\t<\/div>\n\t\t\t\t\t<\/div>\n\t\t<\/div>\n\t\t\t\t\t\t\t\t<\/div>\n\t\t\t\t\t<\/div>\n\t\t<\/section>\n\t\t\t\t<section class=\"elementor-section elementor-top-section elementor-element elementor-element-895990f elementor-section-boxed elementor-section-height-default elementor-section-height-default\" data-id=\"895990f\" data-element_type=\"section\">\n\t\t\t\t\t\t<div class=\"elementor-container elementor-column-gap-default\">\n\t\t\t\t\t\t\t<div class=\"elementor-row\">\n\t\t\t\t\t<div class=\"elementor-column elementor-col-100 elementor-top-column elementor-element elementor-element-1344937\" data-id=\"1344937\" data-element_type=\"column\">\n\t\t\t<div class=\"elementor-column-wrap elementor-element-populated\">\n\t\t\t\t\t\t\t<div class=\"elementor-widget-wrap\">\n\t\t\t\t\t\t<div class=\"elementor-element elementor-element-dd18897 elementor-widget elementor-widget-image\" data-id=\"dd18897\" data-element_type=\"widget\" data-widget_type=\"image.default\">\n\t\t\t\t<div class=\"elementor-widget-container\">\n\t\t\t\t\t\t\t\t<div class=\"elementor-image\">\n\t\t\t\t\t\t\t\t\t\t\t\t<img decoding=\"async\" width=\"724\" height=\"1024\" src=\"https:\/\/vosbellesceremonies.be\/wp-content\/uploads\/2023\/04\/CGV-Aurianne-Degrave-02-724x1024.jpg\" class=\"attachment-large size-large wp-image-395\" alt=\"Conditions g\u00e9n\u00e9rales de vente\" loading=\"lazy\" srcset=\"https:\/\/vosbellesceremonies.be\/wp-content\/uploads\/2023\/04\/CGV-Aurianne-Degrave-02-724x1024.jpg 724w, https:\/\/vosbellesceremonies.be\/wp-content\/uploads\/2023\/04\/CGV-Aurianne-Degrave-02-212x300.jpg 212w, https:\/\/vosbellesceremonies.be\/wp-content\/uploads\/2023\/04\/CGV-Aurianne-Degrave-02-768x1086.jpg 768w, https:\/\/vosbellesceremonies.be\/wp-content\/uploads\/2023\/04\/CGV-Aurianne-Degrave-02-1086x1536.jpg 1086w, https:\/\/vosbellesceremonies.be\/wp-content\/uploads\/2023\/04\/CGV-Aurianne-Degrave-02-1140x1612.jpg 1140w, https:\/\/vosbellesceremonies.be\/wp-content\/uploads\/2023\/04\/CGV-Aurianne-Degrave-02.jpg 1241w\" sizes=\"(max-width: 724px) 100vw, 724px\" \/>\t\t\t\t\t\t\t\t\t\t\t\t\t\t<\/div>\n\t\t\t\t\t\t<\/div>\n\t\t\t\t<\/div>\n\t\t\t\t\t\t<\/div>\n\t\t\t\t\t<\/div>\n\t\t<\/div>\n\t\t\t\t\t\t\t\t<\/div>\n\t\t\t\t\t<\/div>\n\t\t<\/section>\n\t\t\t\t\t\t\t\t\t<\/div>\n\t\t\t<\/div>\n\t\t\t\t\t<\/div>\n\t\t","protected":false},"excerpt":{"rendered":"","protected":false},"author":1,"featured_media":0,"parent":0,"menu_order":0,"comment_status":"closed","ping_status":"closed","template":"","meta":{"_mi_skip_tracking":false},"yoast_head":"<!-- This site is optimized with the Yoast SEO plugin v20.4 - https:\/\/yoast.com\/wordpress\/plugins\/seo\/ -->\n<title>Conditions g\u00e9n\u00e9rales de vente - Vos belles c\u00e9r\u00e9monies<\/title>\n<meta name=\"robots\" content=\"index, follow, max-snippet:-1, max-image-preview:large, max-video-preview:-1\" \/>\n<link rel=\"canonical\" href=\"https:\/\/vosbellesceremonies.be\/index.php\/conditions-generales-de-vente\/\" \/>\n<meta property=\"og:locale\" content=\"fr_FR\" \/>\n<meta property=\"og:type\" content=\"article\" \/>\n<meta property=\"og:title\" content=\"Conditions g\u00e9n\u00e9rales de vente - Vos belles c\u00e9r\u00e9monies\" \/>\n<meta property=\"og:url\" content=\"https:\/\/vosbellesceremonies.be\/index.php\/conditions-generales-de-vente\/\" \/>\n<meta property=\"og:site_name\" content=\"Vos belles c\u00e9r\u00e9monies\" \/>\n<meta property=\"article:modified_time\" content=\"2023-04-25T09:22:54+00:00\" \/>\n<meta property=\"og:image\" content=\"https:\/\/vosbellesceremonies.be\/wp-content\/uploads\/2023\/04\/CGV-Aurianne-Degrave-01-724x1024.jpg\" \/>\n<meta name=\"twitter:card\" content=\"summary_large_image\" \/>\n<meta name=\"twitter:label1\" content=\"Dur\u00e9e de lecture estim\u00e9e\" \/>\n\t<meta name=\"twitter:data1\" content=\"1 minute\" \/>\n<script type=\"application\/ld+json\" class=\"yoast-schema-graph\">{\"@context\":\"https:\/\/schema.org\",\"@graph\":[{\"@type\":\"WebPage\",\"@id\":\"https:\/\/vosbellesceremonies.be\/index.php\/conditions-generales-de-vente\/\",\"url\":\"https:\/\/vosbellesceremonies.be\/index.php\/conditions-generales-de-vente\/\",\"name\":\"Conditions g\u00e9n\u00e9rales de vente - Vos belles c\u00e9r\u00e9monies\",\"isPartOf\":{\"@id\":\"https:\/\/vosbellesceremonies.be\/#website\"},\"datePublished\":\"2023-03-30T16:14:50+00:00\",\"dateModified\":\"2023-04-25T09:22:54+00:00\",\"breadcrumb\":{\"@id\":\"https:\/\/vosbellesceremonies.be\/index.php\/conditions-generales-de-vente\/#breadcrumb\"},\"inLanguage\":\"fr-FR\",\"potentialAction\":[{\"@type\":\"ReadAction\",\"target\":[\"https:\/\/vosbellesceremonies.be\/index.php\/conditions-generales-de-vente\/\"]}]},{\"@type\":\"BreadcrumbList\",\"@id\":\"https:\/\/vosbellesceremonies.be\/index.php\/conditions-generales-de-vente\/#breadcrumb\",\"itemListElement\":[{\"@type\":\"ListItem\",\"position\":1,\"name\":\"Accueil\",\"item\":\"https:\/\/vosbellesceremonies.be\/\"},{\"@type\":\"ListItem\",\"position\":2,\"name\":\"Conditions g\u00e9n\u00e9rales de vente\"}]},{\"@type\":\"WebSite\",\"@id\":\"https:\/\/vosbellesceremonies.be\/#website\",\"url\":\"https:\/\/vosbellesceremonies.be\/\",\"name\":\"Vos belles c\u00e9r\u00e9monies\",\"description\":\"\",\"publisher\":{\"@id\":\"https:\/\/vosbellesceremonies.be\/#organization\"},\"potentialAction\":[{\"@type\":\"SearchAction\",\"target\":{\"@type\":\"EntryPoint\",\"urlTemplate\":\"https:\/\/vosbellesceremonies.be\/?s={search_term_string}\"},\"query-input\":\"required name=search_term_string\"}],\"inLanguage\":\"fr-FR\"},{\"@type\":\"Organization\",\"@id\":\"https:\/\/vosbellesceremonies.be\/#organization\",\"name\":\"Vos belles c\u00e9r\u00e9monies\",\"url\":\"https:\/\/vosbellesceremonies.be\/\",\"logo\":{\"@type\":\"ImageObject\",\"inLanguage\":\"fr-FR\",\"@id\":\"https:\/\/vosbellesceremonies.be\/#\/schema\/logo\/image\/\",\"url\":\"https:\/\/vosbellesceremonies.be\/wp-content\/uploads\/2019\/11\/cropped-logo-10.png\",\"contentUrl\":\"https:\/\/vosbellesceremonies.be\/wp-content\/uploads\/2019\/11\/cropped-logo-10.png\",\"width\":5407,\"height\":4621,\"caption\":\"Vos belles c\u00e9r\u00e9monies\"},\"image\":{\"@id\":\"https:\/\/vosbellesceremonies.be\/#\/schema\/logo\/image\/\"}}]}<\/script>\n<!-- \/ Yoast SEO plugin. -->","yoast_head_json":{"title":"Conditions g\u00e9n\u00e9rales de vente - Vos belles c\u00e9r\u00e9monies","robots":{"index":"index","follow":"follow","max-snippet":"max-snippet:-1","max-image-preview":"max-image-preview:large","max-video-preview":"max-video-preview:-1"},"canonical":"https:\/\/vosbellesceremonies.be\/index.php\/conditions-generales-de-vente\/","og_locale":"fr_FR","og_type":"article","og_title":"Conditions g\u00e9n\u00e9rales de vente - Vos belles c\u00e9r\u00e9monies","og_url":"https:\/\/vosbellesceremonies.be\/index.php\/conditions-generales-de-vente\/","og_site_name":"Vos belles c\u00e9r\u00e9monies","article_modified_time":"2023-04-25T09:22:54+00:00","og_image":[{"url":"https:\/\/vosbellesceremonies.be\/wp-content\/uploads\/2023\/04\/CGV-Aurianne-Degrave-01-724x1024.jpg"}],"twitter_card":"summary_large_image","twitter_misc":{"Dur\u00e9e de lecture estim\u00e9e":"1 minute"},"schema":{"@context":"https:\/\/schema.org","@graph":[{"@type":"WebPage","@id":"https:\/\/vosbellesceremonies.be\/index.php\/conditions-generales-de-vente\/","url":"https:\/\/vosbellesceremonies.be\/index.php\/conditions-generales-de-vente\/","name":"Conditions g\u00e9n\u00e9rales de vente - Vos belles c\u00e9r\u00e9monies","isPartOf":{"@id":"https:\/\/vosbellesceremonies.be\/#website"},"datePublished":"2023-03-30T16:14:50+00:00","dateModified":"2023-04-25T09:22:54+00:00","breadcrumb":{"@id":"https:\/\/vosbellesceremonies.be\/index.php\/conditions-generales-de-vente\/#breadcrumb"},"inLanguage":"fr-FR","potentialAction":[{"@type":"ReadAction","target":["https:\/\/vosbellesceremonies.be\/index.php\/conditions-generales-de-vente\/"]}]},{"@type":"BreadcrumbList","@id":"https:\/\/vosbellesceremonies.be\/index.php\/conditions-generales-de-vente\/#breadcrumb","itemListElement":[{"@type":"ListItem","position":1,"name":"Accueil","item":"https:\/\/vosbellesceremonies.be\/"},{"@type":"ListItem","position":2,"name":"Conditions g\u00e9n\u00e9rales de vente"}]},{"@type":"WebSite","@id":"https:\/\/vosbellesceremonies.be\/#website","url":"https:\/\/vosbellesceremonies.be\/","name":"Vos belles c\u00e9r\u00e9monies","description":"","publisher":{"@id":"https:\/\/vosbellesceremonies.be\/#organization"},"potentialAction":[{"@type":"SearchAction","target":{"@type":"EntryPoint","urlTemplate":"https:\/\/vosbellesceremonies.be\/?s={search_term_string}"},"query-input":"required name=search_term_string"}],"inLanguage":"fr-FR"},{"@type":"Organization","@id":"https:\/\/vosbellesceremonies.be\/#organization","name":"Vos belles c\u00e9r\u00e9monies","url":"https:\/\/vosbellesceremonies.be\/","logo":{"@type":"ImageObject","inLanguage":"fr-FR","@id":"https:\/\/vosbellesceremonies.be\/#\/schema\/logo\/image\/","url":"https:\/\/vosbellesceremonies.be\/wp-content\/uploads\/2019\/11\/cropped-logo-10.png","contentUrl":"https:\/\/vosbellesceremonies.be\/wp-content\/uploads\/2019\/11\/cropped-logo-10.png","width":5407,"height":4621,"caption":"Vos belles c\u00e9r\u00e9monies"},"image":{"@id":"https:\/\/vosbellesceremonies.be\/#\/schema\/logo\/image\/"}}]}},"_links":{"self":[{"href":"https:\/\/vosbellesceremonies.be\/index.php\/wp-json\/wp\/v2\/pages\/383"}],"collection":[{"href":"https:\/\/vosbellesceremonies.be\/index.php\/wp-json\/wp\/v2\/pages"}],"about":[{"href":"https:\/\/vosbellesceremonies.be\/index.php\/wp-json\/wp\/v2\/types\/page"}],"author":[{"embeddable":true,"href":"https:\/\/vosbellesceremonies.be\/index.php\/wp-json\/wp\/v2\/users\/1"}],"replies":[{"embeddable":true,"href":"https:\/\/vosbellesceremonies.be\/index.php\/wp-json\/wp\/v2\/comments?post=383"}],"version-history":[{"count":8,"href":"https:\/\/vosbellesceremonies.be\/index.php\/wp-json\/wp\/v2\/pages\/383\/revisions"}],"predecessor-version":[{"id":398,"href":"https:\/\/vosbellesceremonies.be\/index.php\/wp-json\/wp\/v2\/pages\/383\/revisions\/398"}],"wp:attachment":[{"href":"https:\/\/vosbellesceremonies.be\/index.php\/wp-json\/wp\/v2\/media?parent=383"}],"curies":[{"name":"wp","href":"https:\/\/api.w.org\/{rel}","templated":true}]}}